3 - 44/4*-1. Suppose p - 4*m - 2 = 0, -3*m + y = -4*p + 2*m. What is the tens digit of 93/(-6)*(2 + p)?
6
Let k be ((-2)/(-9))/((-14)/21)*-18. Let g be (43/(-3))/(10/(-150)). Suppose 43 = k*x - g. What is the units digit of x?
3
Let j(d) = 272*d + 7474. What is the tens digit of j(131)?
0
Suppose -314 - 1 = p. Let i be 6/4 - p/10. Suppose -5*c + 141 = -4*a, -4*c + 5*a + 87 + i = 0. What is the tens digit of c?
2
Suppose 10*u = 15*u. Suppose u = -8*d + 16*d - 3224. What is the tens digit of d?
0
Let o(l) = 52 + 39*l + 76*l + 10*l. What is the hundreds digit of o(4)?
5
Let l(i) = i**2 + 6*i - 21. Let v be l(7). Suppose -73*t + v*t + 1713 = 0. What is the tens digit of t?
7
Let w = 66 - 222. Suppose b + 31*y - 32 = 33*y, -b + 36 = 2*y. Let r = b - w. What is the units digit of r?
0
Suppose i + 12 = 3*i. Let v be i/21 + 2558/14. Suppose 3*j - v = 87. What is the units digit of j?
0
Let u = 2637 + -844. What is the thousands digit of u?
1
Let i be (6 - 13 - -1)/(-3). Let t(m) = 96*m**3 + 4*m - 1. What is the units digit of t(i)?
5
Let o(d) = 578*d - 476. Let v be o(12). Suppose 413*n + v = 417*n. What is the units digit of n?
5
Let j(r) = 3*r - 23. Let i be j(7). Let t(b) = 2*b + 4. Let a be t(i). Suppose 311 = 4*k - a*k - h, -5*k + h = -390. What is the units digit of k?
9
Let c(l) = 134*l**2 + 16*l + 194. What is the thousands digit of c(-9)?
0
Suppose -56658 = 9*a - 51*a. What is the hundreds digit of a?
3
Let h be (13 - 276/27) + (-4)/(-18). Let t be ((-23)/3)/((-2)/108). Suppose 5*o + 4*s = t, h*s = 5*o + 5*s - 412. What is the tens digit of o?
8
Suppose -23*c + 176 = -15*c. Suppose -5418 = 8*u - c*u. What is the units digit of u?
7
What is the hundreds digit of (-14918559)/(-322) + (-1)/(-14)?
3
Suppose 2*m - 9 = m. Suppose 0*o - m = -3*o. What is the units digit of (-2)/o*684/(-8)?
7
Let x = 13 + -11. Suppose -x*y = -33 - 405. What is the hundreds digit of y?
2
Let g = 107730 - 71533. What is the thousands digit of g?
6
Let o = -10352 + 21625. What is the tens digit of o?
7
Let v = 13889 - 1076. What is the thousands digit of v?
2
Let b = -19802 + 44704. What is the ten thousands digit of b?
2
Let z(q) be the third derivative of -13*q**4/6 - 5*q**3/3 + 8*q**2. Let i be z(-3). Suppose 4*s = 5*d - 184, 4*d + 0*s = 2*s + i. What is the units digit of d?
6
Let p(y) = -y**3 + 5*y**2 - 3*y - 3. Let x be p(3). Suppose -5*r = -6*r + 50. Suppose -5*l = -x*l + r. What is the tens digit of l?
5
What is the thousands digit of 1 - (-1)/(-6) - (-3240591)/306?
0
Let x = -68 + 68. Suppose -3*j - 4*q + 2251 - 19 = 0, 3*j - q - 2247 = x. What is the tens digit of j?
4
Suppose -4*i - 4 = 5*c, 5*i + c - 4 = -3*c. Suppose -5*g = -3*v - v + 342, -i*g + 360 = 4*v. What is the units digit of v?
8
Let v = 70335 + -19810. What is the hundreds digit of v?
5
What is the units digit of 1/10*5 + 20849/2?
5
Let f be (-1674)/(-126) - 2/7. Let t = 13 - f. What is the tens digit of -9*(-3 + t) + 0?
2
Let c be (162/(-12))/(3/6). Let z be 6*(-6)/c - 2/6. What is the tens digit of z/(90/(-93) + 1)?
3
Let y = 15799 + 4456. What is the hundreds digit of y?
2
Let g(o) = -1507*o - 3123. What is the ten thousands digit of g(-40)?
5
Let s be 0/15 - 3/(-9)*0. Suppose -2*y - o - 248 + 1919 = s, -3*o + 3 = 0. What is the units digit of y?
5
Let z(c) = -10*c**3 - 37*c**2 + 15*c - 31. What is the ten thousands digit of z(-21)?
7
Suppose 11*y - 147 = 8*y. Suppose -t = 5*c - 62, 5*c = -t + 3*t - y. Suppose 39*h - 230 = t*h. What is the units digit of h?
5
Let q = -21 - -18. Let k be (49/q - -2)*-3. Suppose -5*m = -7*l + 4*l - 51, -l + k = 5*m. What is the units digit of m?
9
Suppose 5*z - 3 - 7 = 0. Suppose 4*q - d + 35 = 0, -z - 7 = 3*q + 5*d. What is the units digit of (-1166)/(-18) + q*5/(-180)?
5
What is the ten thousands digit of (440/15)/(-22) - 268779/(-9)?
2
Suppose -2*c + 3*a + 0 = -14, -2*a = 3*c - 8. What is the tens digit of (-123187)/(-188) + (-1)/c?
5
Let a(v) = 17674*v - 1410. What is the tens digit of a(3)?
1
Let w = -32916 + 38782. What is the hundreds digit of w?
8
Let x(t) = -64*t**3 - 6*t**2 - 94*t - 28. What is the ten thousands digit of x(-11)?
8
What is the tens digit of (1*(-1)/2)/((-2)/1628)?
0
What is the units digit of (-296121)/(-15) - (-54)/(-135)?
1
Let a = 10 - -142. Let v = 348 - a. What is the units digit of v?
6
Let n(m) be the third derivative of 8/3*m**3 - 1/12*m**5 + 0*m + 0 + 3/8*m**4 - 1/120*m**6 + 12*m**2. What is the tens digit of n(-7)?
5
Let s = 2337 - -472. What is the units digit of s?
9
Let c be 4 + 0*((-12)/8 - -2). Suppose 5*z = -3*x + 1194, c*x = -2*z + 5*z - 699. What is the units digit of z?
7
Suppose 0 = 4*k - 3*v - 26087, 8249 = 5*k + 2*v - 24354. What is the thousands digit of k?
6
Let j(t) = -635*t - 645. What is the tens digit of j(-30)?
0
Let j(w) be the first derivative of -13*w**2/2 - 44*w + 61. What is the hundreds digit of j(-24)?
2
Let d = 8 - 3. Suppose 4*g + l = 11, d*g - l - 15 - 1 = 0. Suppose -3*b = g*c + 169 - 448, 2*b = 2. What is the units digit of c?
2
Let r be ((-2)/2)/(1/(-156)). Let d = 180 - r. What is the tens digit of d?
2
What is the hundreds digit of 133/(-76) + 147413/28?
2
Let t(u) = 8*u**3 - 9*u**2 - u + 32. What is the hundreds digit of t(13)?
0
Suppose -32 = 51*u - 55*u. What is the units digit of (382/(-8))/((-2)/u)?
1
Suppose 32*d + 65*d = -18*d + 37375. What is the tens digit of d?
2
Let l(x) = -x**2 - 9*x - 10. Let p be l(-4). Suppose 20 = -10*s - p. What is the units digit of 24/8 + (118 - s)?
4
Suppose -2*j - 188 = -2*x, 0 = 39*j - 42*j - 4*x - 261. Let i = 166 + j. What is the units digit of i?
5
Let k = 41937 + -20887. What is the ten thousands digit of k?
2
Suppose -5*a + 3*k + 35764 = 0, a - 5189 - 1961 = 2*k. What is the units digit of a?
4
Suppose 61*r = -65*r - 257*r + 8069427. What is the thousands digit of r?
1
Let n be ((-13)/52)/((1447/724 - 2)*1). Let d be (-6)/4*104/(-2). Let m = n - d. What is the tens digit of m?
0
Let r(v) = -46*v**2 - 5*v + 3. Let z be r(1). Let b = 181 + z. What is the units digit of b?
3
Let f(h) = -4*h**2 + 8. Let s(i) = 11*i**2 - 25. Let y(j) = 8*f(j) + 3*s(j). Let d be y(5). What is the tens digit of ((-2)/(-1) - -8)*d?
4
Suppose -10 = -5*b - 5*w, 0*w + w = -3*b + 4. Suppose c = 6 - b. Suppose -c*z - 5*a + 615 = -0*z, 221 = 2*z - 3*a. What is the units digit of z?
8
Let a(l) = 27*l**2 + l + 3. Let c(d) = 27*d**2 + 2. Let m(j) = 4*a(j) - 5*c(j). Let y be m(4). Let g = y - -613. What is the hundreds digit of g?
1
Let i be (9 + -6 + -12)/((-15)/10). What is the thousands digit of -3866*12/36*i/(-4)?
1
Let o be (-2)/(-5) - 33/(-5) - 1. Suppose -o*j = -7*j + 226. What is the hundreds digit of j?
2
Suppose -2*u + 360 + 1231 + 3325 = 0. What is the tens digit of u?
5
Suppose -17 + 47 = 2*w. What is the hundreds digit of (115/w - 7)*(-3474)/(-4)?
5
Let j(l) = -23*l + 10*l + 7*l - 5 + 8*l. Let h be j(0). What is the hundreds digit of 1286/6 + h/15?
2
Suppose -11*l + 13746 = -7*l + w, 3*w + 13738 = 4*l. Suppose -4*u = -3*v - l, -7*u - 2576 = -10*u + 2*v. What is the hundreds digit of u?
8
Suppose -n - 2 = -3. Suppose 37*b - 31*b = 0. What is the hundreds digit of 0/4*n + b + 118?
1
Suppose -8*k + 14*k = 3048. Suppose 85*t + k = 86*t. Suppose t + 10 = 2*d. What is the hundreds digit of d?
2
Let l = -2721 - 536. What is the hundreds digit of l/(-6) + ((-140)/24 - -6)?
5
Let n(q) = q**3 + 8*q**2 - 12*q - 34. Let m be n(-5). Suppose 6564 = -89*p + m*p. What is the units digit of p?
7
Let r(c) = c**3 + 28*c**2 - 5*c + 326. What is the tens digit of r(-24)?
5
Let v be 7*(-14)/(-12) + (-2)/12. Let k(z) be the first derivative of z**4/4 - 5*z**3/3 - z**2 + 8*z - 4. What is the units digit of k(v)?
4
Suppose -14*h - 2194 = 438. Let p = -32 - h. What is the units digit of p?
6
Suppose 12*b + 16 - 184 = 0. Suppose -b*g + 23*g = 1395. What is the tens digit of g?
5
Let r = 25 + -18. Let m be 183 - (r + -3 - 7). Suppose m + 146 = 4*f. What is the tens digit of f?
8
Let v(i) = -i + 30. Let c be v(28). Suppose 13*x - 3294 = 9*x - 2*y, 0 = 3*x + c*y - 2468. What is the tens digit of x?
2
Suppose 11*k - 25813 - 47843 = 2*k. What is the thousands digit of k?
8
Let q be -4 + 2 - 5/(-1). Suppose 2*h - 954 = 4*f, 5*h + f = -q*f + 2343. What is the tens digit of h?
7
Let j(a) = 11*a - 141. 